
-7
Let o be (-4)/26 - (-108)/26. Suppose -5*x + 14 = o*k, -2*x - k = 2*k - 7. Let v(m) = -x - 2 + 1 + 3*m. Determine v(5).
12
Let k(j) = j**3 - 8*j**2 + 4. Let s(b) = -8*b. Let c be s(-1). What is k(c)?
4
Let i(d) = -4*d**3 - 2*d**2 + 1. Let v be i(-1). Let k(b) = 3*b**2 - 9*b + 2*b**2 - b**3 + 7 + v*b**2. Let a be k(7). Let w(m) = -m - 10. Calculate w(a).
-3
Suppose 0 = -5*u + 25. Suppose -3*c - c - 10 = 2*b, u*c + 17 = -4*b. Let z(l) = -7*l**2 - 1. Give z(c).
-8
Let i(t) be the third derivative of t**7/840 - t**6/60 + 7*t**5/120 - 7*t**4/24 - 2*t**3/3 + 7*t**2. Let k(m) be the first derivative of i(m). Calculate k(5).
3
Let l be (-10)/(-120) - (-146)/(-24). Let a(c) = c**3 + 5*c**2 - 3*c - 1. Determine a(l).
-19
Let m(t) be the first derivative of -t**3/3 + 5*t**2/2 - 4*t - 1. Let q = 51 - 47. Determine m(q).
0
Let j(z) = -z. Let o(l) be the third derivative of -l**6/120 + l**5/60 - l**4/12 - l**3/6 - l**2. Let r be o(-2). Suppose 4*p - r = -p. What is j(p)?
-3
Let g(a) = -a + 2. Let k be (1 + -3)/2 - -77. Suppose -4*j + 76 = 5*u - 0*u, -u = -3*j + k. Suppose -2*z = -5*x + 31, 4*x - 3*z = x + j. Calculate g(x).
-3
Let d(l) be the third derivative of l**4/8 + 2*l**3/3 + 2*l**2. Suppose 2*j + 7 = -1. Give d(j).
-8
Let l(w) = -13*w + 10*w**2 + 0*w**3 - 3*w**3 - 49 + 36 + 4*w**3. What is l(-11)?
9
Let x(d) = -d**3 + 5*d**2 + 6*d + 6. Let u(z) = 2*z**2 + 6*z + 3. Let b be u(-4). Let k be b/2 - (-1)/2. What is x(k)?
6
Let c(a) = 1 + 0*a**2 + 8*a**2 + 2*a + 0. Determine c(-1).
7
Let f(p) = -p**3 + 2*p + 1 + 2 - 6 + 3*p**2. Let a be 3/(-2)*4/(-3). Give f(a).
5
Let j(o) = -2*o - 2. Let z(x) = -1. Let g(b) = j(b) - 3*z(b). Determine g(3).
-5
Let t(p) = -p - 5. Let u = 8 - 14. Give t(u).
1
Suppose -4*a + 7 = 5*y - 0*y, 0 = -4*a + 4*y + 16. Suppose 0 = -3*l - 4 + 10, 4*p - 5*l = -6. Let n(u) = 0 - 2*u + p + 3*u. Calculate n(a).
4
Suppose -2*q + 5 = 3*q. Suppose q = -x + 4. Let p(j) = -4*j + 3. Determine p(x).
-9
Let t(o) be the third derivative of -o**4/24 + o**3/2 - 2*o**2. Let l be t(-3). Let u = l - 3. Let d(v) = -v + 2. Give d(u).
-1
Let c(i) = i - 1. Let s be (-5 + 4)*(5 + 1). Calculate c(s).
-7
Let y = 16 - 20. Let i(t) = -4*t**2 + 4 + t**2 + 3*t + 4*t**2. Calculate i(y).
8
Let b(v) be the second derivative of -v**3/6 + v**2 - v. Suppose -o = 2*o - 6. Let s = 2 - o. What is b(s)?
2
Let b(y) = -6 - 4*y**2 + 4 + 2*y**2 + 1 - y**3 + y. Give b(-3).
5
Let f(t) = -3 + 2*t + 10 + 0*t. Let u be f(-6). Let o(r) = -r**3 - 4*r**2 + 4*r - 3. Determine o(u).
2
Let l(i) = 12*i - i + 9 - 8. Give l(-1).
-10
Let y(x) = -1 + 4 + x - 2 - x**2. Let o(h) = h**3 - h. Let r be 2/(-2) + (0 - 0). Let z(k) = r*y(k) - o(k). Calculate z(2).
-5
Suppose 4*i - 8 = 4*c, -3*c - 10 = -i - 4*c. Let d be 4/i - 8/(-6). Let f(s) = s + 2. What is f(d)?
4
Let y(p) = p**3 - 10*p**2 - 12*p + 16. Let h be y(11). Let m(w) = 0*w + 4*w - 3*w + 1 + h*w**2 - w**3 + 5*w. Calculate m(6).
1
Let q(m) be the third derivative of -m**5/60 - 5*m**4/24 + 6*m**2. Suppose -3*w + 12 = -w. Let z(x) = x**2 + 4*x. Let r(g) = w*z(g) + 5*q(g). Give r(1).
0
Let w(c) = 3*c - 5. Suppose -j - 13 = -7. Let g(y) = y**2 + 6*y + 4. Let a be g(j). Determine w(a).
7
Let f(i) = -10*i**2 - 2*i - 4 + i**2 + 7 - 4. What is f(-1)?
-8
Let a(f) be the first derivative of -f**5/60 - f**4/4 - 2*f**3 - 3. Let o(r) be the third derivative of a(r). Let s be 1*(3 + -2)*-4. What is o(s)?
2
Let m(x) = -2*x**2 - 3*x + 3. Suppose -5*n - 7 = -4*n - 4*w, 6 = -n + 3*w. What is m(n)?
-6
Let k be ((-14)/(-4))/(2 + 12/(-8)). Let g(r) = r - 3. What is g(k)?
4
Let o(b) be the second derivative of -b**5/20 + 2*b**4/3 + b**3/3 - 11*b**2/2 - 10*b. Calculate o(8).
5
Suppose 29 = 4*c + 5*j, -5*c - j = -0*c - 31. Let h be 1/(-2)*c - 2. Let v(n) = -n**3 - 4*n**2 + 5*n + 6. Give v(h).
6
Let k(l) = l**2 + 2*l**2 + 5*l - 4*l**2 - 5. Calculate k(4).
-1
Let o(j) = j. Let b(f) = -1. Let n(t) = -b(t) + o(t). Determine n(-8).
-7
Let v(i) = 2*i**3 + i**2 - i + 1. Let j = -7 - -11. Suppose -5*y - l = -147, 143 = 5*y + 2*l - 3*l. Suppose -4*u + 20 = 0, j*x + 0*u - y = -5*u. Give v(x).
3
Let q(u) be the second derivative of u**5/20 - 5*u**4/12 - 5*u**3/6 - 5*u**2/2 - 3*u. Let o be ((-8)/10)/((-30)/225). Give q(o).
1
Let z(t) = -t + 3*t + 0*t - 4. Let r = -62 + 66. Give z(r).
4
Suppose -6*j + 3*j = 0, -2*w + 4*j = -10. Let r(d) = 6*d**2 - d**3 - 4 + 35*d - 30*d - 2*d**2 + 0*d**2. Calculate r(w).
-4
Let b be (-2 + 2)/((4 - 2)/2). Let u(a) = a**3 + a - 3. Calculate u(b).
-3
Let u(k) be the first derivative of k**3/3 - 9*k**2/2 + 12*k + 6. Determine u(8).
4
Let r = 6169/24 - 257. Let l(o) be the third derivative of -3*o**2 + 0*o + 1/60*o**5 + 0 + r*o**4 + 1/120*o**6 + 1/6*o**3. Give l(-1).
0
Let s(i) be the third derivative of 0*i + 1/12*i**4 + 1/30*i**5 + 0 + 1/6*i**3 - i**2. Let u = 3 + -5. What is s(u)?
5
Suppose 0 = -4*v - 4*t - 8, -2*v + 4*t - 19 = 3*v. Let h be (6/4*-2)/(-1). Let g(z) = 2*z + 3*z + 4 + h*z - 4*z. Determine g(v).
-8
Let d(y) = -y - 2*y**3 + 5*y - 5*y + y**2. Give d(1).
-2
Suppose -v = -2*z - 4, 0*v = -v - 5*z - 17. Let i be ((-21)/(-9))/(v/(-6)). Let p(n) = -n - 2 - i + 0*n + 1. Determine p(-4).
-4
Let g(a) = -a**3 + 5*a**2 - 2*a + 1. Let b = -66 + 69. Give g(b).
13
Let y(w) = -2*w**2 + 4*w**3 + 145 - 145 + w. Calculate y(1).
3
Let x(k) be the first derivative of k**4/4 + 7*k**3/3 + 5*k**2/2 - 7*k - 2. Let d be -1 + -1 + 1 + -21. Let c = 16 + d. Calculate x(c).
-1
Let z(k) = k - 8. Let t(d) = -16*d + 2. Let u(a) = -a + 1. Let c(l) = 2*t(l) - 36*u(l). Let j(y) = -2*c(y) + 9*z(y). What is j(0)?
-8
Let h(c) = -c**2 + 7*c - 8. Let m be h(4). Let r(a) = a**3 - 6*a**2 + 7*a - 6. Give r(m).
-10
Let q(x) = 11*x**2 - 2*x + 5. Let i(n) = 9*n**2 - 2*n + 5. Let o(j) = -6*i(j) + 5*q(j). Calculate o(4).
19
Let h(t) = -t**2 - 9*t - 8. Let x(u) = u**3 - 5*u**2 - 3*u + 1. Let v be x(6). Let s = v - 26. Determine h(s).
6
Let v be 16/20*(-15)/(-6). Let u(q) = 5*q + 2*q**2 - 1 + 2*q - 3*q - 3*q**v. Calculate u(5).
-6
Let k(m) = m**2 - 5*m + 5. Let o(n) = -n**2 + 5*n - 4. Suppose 2*s - 56 + 188 = 0. Let v be (-4)/10 - s/15. Let h(p) = v*k(p) + 5*o(p). Calculate h(4).
4
Let n(l) be the second derivative of l**3/3 - 2*l**2 + 5*l. What is n(6)?
8
Suppose 55 = -3*y + 5*g, -3*y - g - 25 = -0*g. Let l be 1/4 + y/8. Let i(r) be the first derivative of r**4/4 + r**3/3 + r**2/2 + r + 6. What is i(l)?
0
Let o(b) = 7*b**2 + b - 3. Let a(c) = -4*c**2 - c + 2. Let p(g) = -5*a(g) - 3*o(g). Suppose 5*x = 4*k - 7, -8 = -k + 2*x - 7*x. What is p(k)?
-4
Let u be (1 - (-2)/6)/((-7)/(-21)). Let q(n) = 2*n**2 - 6*n + 6. Determine q(u).
14
Let a(d) be the second derivative of d**7/840 + d**6/72 + d**5/120 + d**4/6 + 2*d**3/3 + 4*d. Let p(k) be the second derivative of a(k). Determine p(-5).
-1
Let n(z) = -z - 8. Let d be n(-6). Let f(y) = -y**3 - 3*y**2 - 2*y - 1. Calculate f(d).
-1
Let s(c) = -10*c**2 + c. Suppose -4*o + 1 + 7 = 0, 2*z + 5*o = 14. Suppose -z*t + 6 - 4 = 0. Determine s(t).
-9
Suppose 12 = 3*h - 5*p, -5 = 3*h + p + 1. Let y(v) = -v**3 + 3*v**2 - 1. Let w be y(2). Let k(r) = -3 + 0*r**3 - w*r**3 + 2. Give k(h).
2
Let u(d) = -2*d**3 - 15*d**2 - 7*d + 5. Let m(t) = t**3 + 7*t**2 + 3*t - 2. Let b(z) = -5*m(z) - 2*u(z). Give b(-5).
5
Let p(w) be the second derivative of 2*w - 1/20*w**5 - 1/12*w**4 - 3*w**2 + 0 - 1/6*w**3. Calculate p(0).
-6
Let g(z) be the first derivative of -z**2/2 + 4*z + 6. Give g(4).
0
Let a(i) = -9*i**2 + i. Let n = 6 - 6. Suppose n = 2*t - 4*t + 2. What is a(t)?
-8
Suppose h - 2*h + 19 = 3*t, -20 = -4*t + 4*h. Let s(q) = -6 + t + 2*q. Suppose 2*d - 5*x = 11, -5*d - 2*x - 22 = 2*x. What is s(d)?
-4
Let l(o) = 2*o + 3*o + 6*o**2 - o**3 - o**2 + 3 - o**2. Suppose -5 = x - 2*x. Calculate l(x).
3
Let o be (4/6)/((-3)/(-18)). Let t(h) = h - 2. Let c(b) = -1. Let r(w) = -3*c(w) + t(w). Determine r(o).
5
Let h(j) = -j**3 + 4*j**2 - j. Let c be h(4). Let f be (-1*2)/(2/c). Let q(o) be the first derivative of o**4/4 - 5*o**3/3 + 3*o**2/2 + 3*o + 62. Give q(f).
-1
Let s(u) = -3*u - 9 + u**2 - 7 + 13. Give s(4).
1
Suppose 3 - 9 = -3*u. Let a(y) = y**3 - 2*y**2 - y + 2. Let p be a(u). Let i(t) = t**2 + t + 1. Calculate i(p).
1
Let i(w) = 93 + 3*w - w**3 - 48 - 48 - 5*w**2 + w**2. Give i(-5).
7
Let t be (-16)/20 - 18/(-10). Let n(p) = -p + 1. Determine n(t).
0
L